6?
2, 889962893
List the prime factors of 68854223.
43, 1601261
What are the prime factors of 7462342?
2, 599, 6229
What are the prime factors of 131869902?
2, 3, 23, 29, 83, 397
What are the prime factors of 117742891?
7, 16820413
What are the prime factors of 61556720?
2, 5, 769459
List the prime factors of 188658761.
188658761
What are the prime factors of 160789103?
167, 337, 2857
What are the prime factors of 313072093?
3947, 79319
List the prime factors of 8876033.
8876033
List the prime factors of 60661584.
2, 3, 47, 8963
What are the prime factors of 3834556674?
2, 3, 13, 59, 83, 10039
List the prime factors of 30589197.
3, 991, 10289
List the prime factors of 3183664658.
2, 3709, 429181
List the prime factors of 563255228.
2, 19, 7411253
What are the prime factors of 1362710684?
2, 17, 89, 225167
What are the prime factors of 324333036?
2, 3, 31, 290621
What are the prime factors of 78794539?
19, 4147081
List the prime factors of 22733690.
2, 5, 7, 19, 17093
What are the prime factors of 348692273?
348692273
List the prime factors of 834431.
13, 64187
What are the prime factors of 6581900509?
6581900509
List the prime factors of 2178009703.
71, 3301, 9293
List the prime factors of 325041932.
2, 41, 1981963
What are the prime factors of 721723870?
2, 5, 7, 29, 355529
List the prime factors of 120900832.
2, 13, 290627
What are the prime factors of 2898656383?
7, 17, 547, 44531
List the prime factors of 474242711.
474242711
What are the prime factors of 66943162?
2, 11, 13, 234067
List the prime factors of 61766257.
7, 8823751
List the prime factors of 217690055.
5, 11, 23, 37, 4651
List the prime factors of 277281255.
3, 5, 18485417
List the prime factors of 77628232.
2, 11, 882139
What are the prime factors of 146930592?
2, 3, 17, 90031
What are the prime factors of 101035268?
2, 25258817
List the prime factors of 63060556.
2, 13, 1212703
List the prime factors of 2075006056.
2, 337, 769661
What are the prime factors of 44350310?
2, 5, 4435031
What are the prime factors of 3172009438?
2, 13, 3943, 30941
What are the prime factors of 67406224?
2, 17, 19, 13043
List the prime factors of 213218017.
1031, 206807
What are the prime factors of 367346562?
2, 3, 11, 223, 2269
What are the prime factors of 45210267?
3, 5023363
List the prime factors of 2040857277.
3, 73, 9318983
List the prime factors of 2208540397.
7, 17, 37, 131, 547
List the prime factors of 36026327.
36026327
List the prime factors of 27927098.
2, 491, 28439
What are the prime factors of 4751558848?
2, 74243107
What are the prime factors of 5941153716?
2, 3, 495096143
List the prime factors of 1958008358.
2, 23203, 42193
What are the prime factors of 1281941805?
3, 5, 1117, 76511
What are the prime factors of 23914526?
2, 23, 519881
What are the prime factors of 38055681?
3, 1409, 3001
List the prime factors of 9108124.
2, 17, 7879
What are the prime factors of 72391533?
3, 24130511
List the prime factors of 60964154.
2, 30482077
List the prime factors of 41864076.
2, 3, 197, 5903
What are the prime factors of 540989697?
3, 647, 278717
What are the prime factors of 74190824?
2, 23, 43, 9377
List the prime factors of 316200524.
2, 103, 601, 1277
What are the prime factors of 14084944?
2, 317, 2777
List the prime factors of 212998435.
5, 13, 353, 9283
List the prime factors of 55723919.
4937, 11287
What are the prime factors of 1091518542?
2, 3, 1327, 45697
What are the prime factors of 1211729888?
2, 271, 139729
What are the prime factors of 51427735?
5, 41, 250867
List the prime factors of 945340428.
2, 3, 347, 227027
What are the prime factors of 209696571?
3, 7, 1051, 3167
What are the prime factors of 1588556368?
2, 7, 14183539
What are the prime factors of 250056965?
5, 5167, 9679
What are the prime factors of 25596504?
2, 3, 355507
List the prime factors of 966501254.
2, 107, 1543, 2927
What are the prime factors of 448643731?
448643731
List the prime factors of 13810124.
2, 467, 7393
What are the prime factors of 222938454?
2, 3, 1663, 22343
What are the prime factors of 2560541189?
317, 8077417
List the prime factors of 156980663.
7, 79, 107, 379
What are the prime factors of 1735794?
2, 3, 73, 1321
List the prime factors of 223820899.
31, 347, 20807
What are the prime factors of 3188243849?
7, 65066201
What are the prime factors of 1646538971?
7, 11, 2207, 9689
What are the prime factors of 572921034?
2, 3, 7, 59, 33029
List the prime factors of 22550264.
2, 11, 19, 13487
What are the prime factors of 312834466?
2, 7, 89, 251071
What are the prime factors of 60507068?
2, 15126767
What are the prime factors of 581082435?
3, 5, 43, 300301
What are the prime factors of 1454646042?
2, 3, 19, 4253351
List the prime factors of 4512844888.
2, 17, 19, 193, 9049
What are the prime factors of 6548328074?
2, 19, 172324423
What are the prime factors of 1041810?
2, 3, 5, 7, 11, 41
What are the prime factors of 84257434?
2, 643, 65519
List the prime factors of 140807189.
9157, 15377
List the prime factors of 11919877.
359, 33203
List the prime factors of 7288844461.
601, 12127861
What are the prime factors of 56063068?
2, 2797, 5011
What are the prime factors of 32224347?
3, 991, 3613
List the prime factors of 1235348098.
2, 167, 3698647
List the prime factors of 4866036.
2, 3, 7, 53, 1093
What are the prime factors of 932088556?
2, 7, 107, 311111
What are the prime factors of 39401412?
2, 3, 3283451
List the prime factors of 36922201.
71, 520031
List the prime factors of 113787145.
5, 2411, 9439
List the prime factors of 2108352955.
5, 19, 22193189
What are the prime factors of 2976351642?
2, 3, 11, 59, 28309
What are the prime factors of 298980507?
3, 7, 2033881
List the prime factors of 170868336.
2, 3, 163, 21839
What are the prime factors of 393972568?
2, 11, 4476961
What are the prime factors of 3332325063?
3, 887, 1252283
What are the prime factors of 3749983150?
2, 5, 74999663
What are the prime factors of 448766632?
2, 2579, 21751
What are the prime factors of 400405968?
2, 3, 2780597
List the prime factors of 737740201.
11, 31, 2163461
List the prime factors of 70923381.
3, 31, 53, 14389
What are the prime factors of 22618462?
2, 11309231
List the prime factors of 23083838.
2, 11541919
List the prime factors of 8050961.
8050961
List the prime factors of 638543457.
3, 23, 47, 65633
List the prime factors of 204243665.
5, 29, 1408577
List the prime factors of 2852253430.
2, 5, 13, 2053, 10687
What are the prime factors of 85907627?
13, 6608279
What are the prime factors of 65240289?
3, 2416307
List the prime factors of 3600681362.
2, 17, 71, 1491583
What are the prime factors of 12352982?
2, 17, 421, 863
What are the prime factors of 62949237?
3, 13, 1614083
What are the prime factors of 72007942?
2, 89, 404539
What are the prime factors of 43685402?
2, 1667, 13103
List the prime factors of 112254184.
2, 7, 2004539
List the prime factors of 15265508.
2, 3816377
List the prime factors of 268036661.
268036661
What are the prime factors of 15979903?
2803, 5701
What are the prime factors of 33798468?
2, 3, 11, 256049
What are the prime factors of 83031530?
2, 5, 607, 13679
List the prime factors of 9606900.
2, 3, 5, 31, 1033
What are the prime factors of 418574406?
2, 3, 2203, 31667
What are the prime factors of 1200191986?
2, 7, 821, 2131
List the prime factors of 86265589.
86265589
What are the prime factors of 25337688?
2, 3, 1055737
What are the prime factors of 90533735?
5, 1163, 15569
What are the prime factors of 21547651?
257, 83843
What are the prime factors of 33474867?
3, 23, 71, 6833
List the prime factors of 68688649.
23, 137, 21799
List the prime factors of 260124327.
3, 17, 79, 21521
What are the prime factors of 827975531?
17, 1801, 27043
List the prime factors of 421403574.
2, 3, 163, 430883
List the prime factors of 412353903.
3, 13, 19, 556483
List the prime factors of 635490458.
2, 53, 653, 9181
What are the prime factors of 237572700?
2, 3, 5, 791909
List the prime factors of 42492141.
3, 983, 1601
List the prime factors of 23829802.
2, 11914901
List the prime factors of 42434057.
17, 23, 41, 2647
List the prime factors of 75491328.
2, 3, 11, 1117
What are the prime factors of 940326890?
2, 5, 94032689
What are the prime factors of 522960541?
19, 401